ative of j**4/12 + j**3/3 - 5*j. Let y be m(o). Calculate the highest common divisor of y and 88.
8
Let q(u) = u**3 + 12*u**2 + 13*u + 10. Let w be q(-10). What is the highest common factor of 10 and w?
10
Let p be -2 - -1 - 5*-1. Suppose -5*a - 30 + 11 = 3*g, 0 = g - p*a - 22. Let s be (2 - g) + -2 + 10. Calculate the highest common divisor of s and 56.
8
Suppose -4*l + 9 = -3. Suppose 0 = l*v - 4*v + 26. What is the greatest common factor of 65 and v?
13
Let o = -13 + 9. Let a be (-12 - (o + 6))/(-2). What is the greatest common factor of 7 and a?
7
Suppose 0 = -0*o + 3*o - 132. Let r = 138 - 134. What is the greatest common divisor of r and o?
4
Let p(c) = -3*c + 38. Let i be p(11). Calculate the greatest common divisor of 5 and i.
5
Let p be (3 - (2 - 0))/1. Let h = 4 - p. Let r(l) = 6*l**2 + l + 1. Let y be r(-1). Calculate the greatest common factor of h and y.
3
Let b be 1/3 - 17/(-3). Let o be (8/(-12))/(b/(-135)). What is the highest common divisor of o and 30?
15
Suppose -5*t + 240 = 80. Suppose 2*i = x - 90, 5*x - 413 - 2 = 3*i. What is the highest common divisor of t and x?
16
Let c be (-32)/(-8) + (-2)/(-2). Suppose c - 3 = -u. Let k(y) = -y**3 - y**2 - 4*y - 3. Let o be k(u). Calculate the greatest common divisor of o and 54.
9
Let a = -6 - -18. Suppose 2*h = -4*d + 160 - 16, d + 5*h = 36. What is the highest common divisor of d and a?
12
Let x(p) = 19*p - 2. Let y be x(8). Suppose 3*i - y = 135. Let m = 134 - i. What is the highest common divisor of 13 and m?
13
Suppose -5*m + 352 = -m. What is the greatest common divisor of 22 and m?
22
Let i(m) = 4*m - 1. Let s be i(1). Suppose 2*n + 19 = -5*q, -s*n + 0*q + 3*q = -24. Suppose 80 + 10 = n*t. Calculate the highest common factor of 15 and t.
15
Suppose 5*u - u - 380 = 0. Let t be (-2)/10 - (-96)/5. Calculate the greatest common divisor of t and u.
19
Let g = -2 - 4. Let s = 14 + g. What is the greatest common factor of s and 20?
4
Suppose 4*v + 2*q = 7*q + 24, 12 = 2*v - 2*q. Let h be 9/(-12)*v*-2. Let j = 8 - 5. Calculate the greatest common factor of j and h.
3
Let j be ((-54)/(-14) + -3)*7. Suppose -4*s = 2*f + 22, s + 4*f - 2 = 10. Let p be ((-3)/(-4))/((-2)/s). Calculate the greatest common divisor of p and j.
3
Let r = 24 + -16. Suppose -o + 0*f = 2*f + r, -5*o = 3*f + 19. Let x = o - -3. What is the highest common factor of x and 5?
1
Let y be 4*((-10)/4)/5. Let v be 38/4 + (-1)/y. Let a = -15 - -25. What is the highest common divisor of v and a?
10
Let g(r) = r**2 + 9*r - 1. Let s be g(-10). Calculate the greatest common factor of 6 and s.
3
Let w = -13 + 35. Let i = w - 13. Calculate the greatest common factor of 18 and i.
9
Suppose -3*d - 147 = -5*c, -d - 148 = -5*c + d. Let i be (-1 - -1*c) + 1. What is the highest common factor of i and 75?
15
Suppose 0 = u - 2*z - 10 - 4, 3*z - 34 = -u. Calculate the highest common factor of u and 33.
11
Let j(b) = -3*b. Let z be j(-1). Suppose -58 = -z*r + 41. Calculate the greatest common divisor of r and 3.
3
Suppose -5*m - 2*y = -3*y - 47, 12 = 2*m + 3*y. What is the highest common factor of 72 and m?
9
Let k(j) = j**2 - 2*j - 5. Let q be k(-5). Suppose 5*u + 235 = -5*g + 590, -5*g + 371 = u. Calculate the greatest common divisor of g and q.
15
Let y be (90/4)/(11/44). What is the greatest common divisor of y and 135?
45
Let z(f) = f**2 - 5*f + 22. Let j be z(11). Calculate the highest common factor of j and 8.
8
Let u be 540/100 + 3/5. Calculate the highest common factor of u and 30.
6
Let c(v) = 2 - 8*v + 4*v**3 - 8*v**2 - v**3 + v**3 - 3*v**3. Let i be c(9). Calculate the greatest common divisor of 55 and i.
11
Let f(t) = -t**3 + 21*t**2 - 20*t + 8. Let s be f(20). What is the greatest common divisor of 64 and s?
8
Suppose -t = 3*j - 2*j + 8, 2*j + 2 = 5*t. Let f be 2 + j*(-6)/4. Calculate the greatest common factor of f and 33.
11
Let d be -12*3/12*-5. Calculate the greatest common divisor of d and 3.
3
Let u = 12 - 5. Let a(w) = -w**3 + 7*w**2 + 3*w + 5. Let s be a(5). Calculate the highest common factor of u and s.
7
Let v = 43 + -30. Suppose -23 + 2 = -3*b. Suppose -5*o = -b*o + 208. What is the highest common divisor of v and o?
13
Let q = 15 + 48. Calculate the greatest common factor of 9 and q.
9
Suppose 9 = 4*h + 1. Suppose -2*i + h = -i. What is the highest common factor of 5 and i?
1
Let d(v) = -2*v**3 - 3*v**2 + 10*v + 11. Let z be d(-6). Calculate the greatest common factor of z and 25.
25
Let m = 37 + -95. Let d = -25 - m. What is the greatest common divisor of d and 11?
11
Suppose -6*h + 36 = -180. Calculate the highest common factor of 9 and h.
9
Let u(w) = w**3 - 4*w**2 + w. Suppose 17 = 3*h + 5. Let q be u(h). What is the greatest common factor of 8 and q?
4
Let t(x) = -7*x + 7. Let f be t(-7). Suppose -f + 236 = 2*g. Suppose 2*j = -3*b + 4*j + 24, 3*j = 9. What is the greatest common factor of g and b?
10
Suppose c + 188 = 2*s + 2*c, 3*c + 481 = 5*s. Suppose -4*w + 124 = -28. Calculate the highest common factor of w and s.
19
Let d be (-46)/(-10) + 15/(-25). Suppose 2*o = -3*w + 14, -d*o - 4 = -2*w - 0*w. Calculate the highest common factor of 1 and o.
1
Let c = -74 + 124. Suppose 0*d - 24 = -2*d. Let k be (5/3)/(1/d). What is the highest common factor of c and k?
10
Suppose 0*t + j = 5*t - 60, 0 = -5*t - 4*j + 85. What is the highest common factor of t and 39?
13
Suppose 5*p - 7 = 5*y - 2, 4*p = -4*y + 44. Let q be ((-3)/5)/(1/(-5)). Calculate the highest common factor of q and p.
3
Let o be -5*(4 - (26/10 + 2)). Let g = 5 - -1. What is the highest common divisor of o and g?
3
Let h(d) = -d - 1. Let p(r) = -4*r + 5. Let f(u) = -3*h(u) - p(u). Let x be f(4). Let n be x/7 - (-2)/7. What is the greatest common divisor of n and 4?
4
Let m be (-26 - -4)/(4/(-22)). What is the highest common divisor of m and 11?
11
Let r be (7/(-4) - 2)/((-27)/972). Calculate the highest common divisor of r and 15.
15
Let b(w) = -10*w + 1. Let x = -1 + -1. Let p be b(x). What is the greatest common divisor of 7 and p?
7
Let x(n) = 29*n - 20. Let a be x(4). Calculate the highest common factor of a and 16.
16
Suppose -3*c = 2*c - 5. Let k = c - -2. Suppose 4*x + 6 = -k*l + 4, -45 = -5*l + 3*x. Calculate the greatest common factor of l and 24.
6
Let x = -25 - -37. Suppose -180 = 17*y - 23*y. What is the greatest common divisor of y and x?
6
Let c be (-4)/(-10) - 4/10. Let f be -1 - (-2 + c) - -1. Suppose -3*a + f = -2*a. What is the highest common factor of a and 4?
2
Suppose 5*g - 1 = -w, -3*g - 2*g - 3*w = 7. What is the highest common divisor of 4 and g?
1
Let n be -2 + (2 + -3)*-1. Let a be 2 - (n + 2)*-49. Suppose -10*t + 5*t - 3*u + 73 = 0, 3*u + 12 = 0. What is the highest common factor of a and t?
17
Let o = 58 + -34. Suppose m - 15 = -3*x, 0 = 2*m - 0*x + 4*x - 28. Calculate the greatest common divisor of o and m.
12
Let l be ((-6)/(-3))/(1/16). Suppose -176 = 5*w - 16*w. What is the greatest common factor of w and l?
16
Suppose -5*z + 25 + 10 = 0. Calculate the greatest common factor of 77 and z.
7
Suppose -3*d + 1208 = 5*r, -4*d - d + 1996 = 4*r. Suppose 3*z - x + d = 5*z, 5*x = -5*z + 990. Calculate the greatest common divisor of 18 and z.
18
Let x(k) = k**3 - 4*k**2 + 6*k - 4. Let c be x(4). Let s be (-2 - 12/(-5))*c. What is the highest common factor of 32 and s?
8
Let s(p) = 2*p**2 - 4*p - 2. Let n be s(7). Calculate the greatest common divisor of n and 102.
34
Let z(d) = -4*d + 4. Let i be z(-3). Suppose s - i = 2*s + p, 0 = 4*s + p + 67. Let t = s + 25. Calculate the highest common factor of 12 and t.
4
Let c(t) = t - 16. Let p be c(18). What is the highest common divisor of 8 and p?
2
Let r = 79 + -55. Let m = r - 17. What is the greatest common divisor of 14 and m?
7
Suppose 3*t - 54 = -3*b + 8*b, 5*t = 2*b + 90. Let k be (-60)/t*36/(-5). Calculate the greatest common divisor of k and 168.
24
Suppose -263 - 17 = -4*y. Let c = 20 - 10. What is the greatest common divisor of c and y?
10
Let h = 8 - 4. Suppose 0 = -h*n + 2*n + 4. Let m be (29 - 2)*n + 2. What is the highest common factor of m and 7?
7
Let x(c) = -26*c + 46. Let i(h) = 5*h - 9. Let z(b) = 16*i(b) + 3*x(b). Let v be z(6). Calculate the highest common divisor of v and 4.
2
Let r be 0 + (-66)/(-4)*8. What is the greatest common factor of 22 and r?
22